84.
2, 23, 31, 125221
What are the prime factors of 566278780?
2, 5, 28313939
List the prime factors of 4843434.
2, 3, 43, 18773
List the prime factors of 3407162360.
2, 5, 7, 12168437
What are the prime factors of 1700193276?
2, 3, 47227591
What are the prime factors of 155005907?
7, 67, 349, 947
What are the prime factors of 174483526?
2, 7, 53, 113, 2081
List the prime factors of 241368102.
2, 3, 29, 677, 683
List the prime factors of 133409448.
2, 3, 1852909
What are the prime factors of 8681496?
2, 3, 59, 6131
List the prime factors of 38290893.
3, 37, 344963
List the prime factors of 371698251.
3, 17, 41, 177761
List the prime factors of 243146944.
2, 3799171
List the prime factors of 418948865.
5, 41, 1291, 1583
What are the prime factors of 148627815?
3, 5, 7, 107, 13229
What are the prime factors of 86042066?
2, 11, 17, 230059
What are the prime factors of 28706251?
7, 17, 241229
What are the prime factors of 143138707?
143138707
What are the prime factors of 54116390?
2, 5, 31, 174569
List the prime factors of 7802035.
5, 1560407
What are the prime factors of 1959082583?
1959082583
What are the prime factors of 24720357?
3, 8240119
List the prime factors of 285124764.
2, 3, 113, 283, 743
What are the prime factors of 938826413?
7, 31, 401, 10789
What are the prime factors of 285080114?
2, 11, 1178017
List the prime factors of 273193035.
3, 5, 18212869
What are the prime factors of 441982414?
2, 6703, 32969
What are the prime factors of 600180095?
5, 120036019
What are the prime factors of 266074821?
3, 9854623
List the prime factors of 19903195.
5, 13, 43, 7121
List the prime factors of 1066793359.
31, 34412689
What are the prime factors of 49355875?
5, 31, 47, 271
What are the prime factors of 1618607857?
3623, 446759
List the prime factors of 2912398240.
2, 5, 47, 241, 1607
What are the prime factors of 20789964?
2, 3, 13, 31, 1433
What are the prime factors of 7243325134?
2, 3621662567
List the prime factors of 143882733.
3, 23, 2085257
List the prime factors of 341735029.
127, 2690827
List the prime factors of 514257477.
3, 19, 9022061
What are the prime factors of 191849255?
5, 13, 37, 241, 331
List the prime factors of 1105203002.
2, 61, 1039, 8719
What are the prime factors of 42216930?
2, 3, 5, 7, 3191
List the prime factors of 217702986.
2, 3, 17, 79, 27017
List the prime factors of 515205677.
7, 29, 2537959
List the prime factors of 554514120.
2, 3, 5, 513439
List the prime factors of 1034035067.
13, 79541159
List the prime factors of 4637812102.
2, 7, 11, 31, 971473
List the prime factors of 1831430005.
5, 7673, 47737
List the prime factors of 1069994871.
3, 11, 10808029
List the prime factors of 1031774702.
2, 7, 29, 337, 7541
What are the prime factors of 734862072?
2, 3, 7, 4374179
List the prime factors of 2576141248.
2, 1553, 25919
What are the prime factors of 1658511156?
2, 3, 7949, 17387
List the prime factors of 2479754392.
2, 309969299
List the prime factors of 150905690.
2, 5, 13, 1160813
What are the prime factors of 559333209?
3, 547, 340849
List the prime factors of 53315295.
3, 5, 11, 323123
List the prime factors of 729277493.
7, 1667, 62497
What are the prime factors of 850739805?
3, 5, 18905329
List the prime factors of 27762790.
2, 5, 11, 67, 3767
List the prime factors of 29636664.
2, 3, 109, 11329
List the prime factors of 979462173.
3, 326487391
List the prime factors of 71479587.
3, 23826529
List the prime factors of 587149117.
587149117
List the prime factors of 3047994708.
2, 3, 11, 23090869
List the prime factors of 7833596976.
2, 3, 54399979
What are the prime factors of 5577562072?
2, 697195259
List the prime factors of 8393722.
2, 61, 107, 643
List the prime factors of 1886293020.
2, 3, 5, 19, 23, 71941
List the prime factors of 34480118.
2, 3457, 4987
List the prime factors of 61254250.
2, 5, 89, 2753
List the prime factors of 18873679.
11, 1715789
What are the prime factors of 1069091634?
2, 3, 13, 1054331
List the prime factors of 2444740625.
5, 461, 1697
List the prime factors of 2392101544.
2, 7, 42716099
What are the prime factors of 46404752?
2, 2900297
List the prime factors of 305709945.
3, 5, 67, 331, 919
What are the prime factors of 449052206?
2, 11399, 19697
What are the prime factors of 138537654?
2, 3, 53, 435653
What are the prime factors of 7126585285?
5, 1425317057
What are the prime factors of 2116407895?
5, 7, 60468797
List the prime factors of 2206409175.
3, 5, 17, 29, 19891
What are the prime factors of 176184026?
2, 88092013
What are the prime factors of 129983?
7, 31, 599
List the prime factors of 68122129.
47, 631, 2297
What are the prime factors of 147231060?
2, 3, 5, 307, 7993
List the prime factors of 5729858281.
7, 41, 486943
List the prime factors of 134136436.
2, 7, 43, 111409
List the prime factors of 111635150.
2, 5, 11, 202973
What are the prime factors of 1789551?
3, 198839
What are the prime factors of 882970900?
2, 5, 7, 1261387
List the prime factors of 334437332.
2, 83609333
What are the prime factors of 795735570?
2, 3, 5, 7, 101, 37517
What are the prime factors of 3122783629?
7, 281, 1587587
What are the prime factors of 1441475176?
2, 313, 575669
What are the prime factors of 75921278?
2, 37960639
What are the prime factors of 18830114?
2, 37, 254461
List the prime factors of 41186498.
2, 20593249
What are the prime factors of 388653739?
967, 401917
List the prime factors of 1410138605.
5, 282027721
What are the prime factors of 272140508?
2, 23, 2958049
List the prime factors of 3765109429.
4931, 763559
List the prime factors of 46013591.
13, 3539507
List the prime factors of 2907282620.
2, 5, 11, 13214921
List the prime factors of 54612704.
2, 17, 100391
List the prime factors of 51351230.
2, 5, 7, 563, 1303
List the prime factors of 119546326.
2, 59773163
What are the prime factors of 674672875?
5, 2179, 2477
What are the prime factors of 2012605930?
2, 5, 193, 809, 1289
What are the prime factors of 5659177618?
2, 33547, 84347
What are the prime factors of 630983227?
7, 90140461
List the prime factors of 386040977.
7, 55148711
List the prime factors of 947979115.
5, 29, 6537787
List the prime factors of 227000230.
2, 5, 281, 80783
What are the prime factors of 451485062?
2, 7, 241, 133813
What are the prime factors of 6115072148?
2, 2237, 683401
List the prime factors of 184742371.
11, 23, 157, 4651
What are the prime factors of 493160296?
2, 23, 313, 8563
List the prime factors of 35155910.
2, 5, 281, 12511
List the prime factors of 3504274678.
2, 127, 149, 92593
List the prime factors of 666224781.
3, 17, 863, 15137
List the prime factors of 897486906.
2, 3, 113, 1323727
What are the prime factors of 831812655?
3, 5, 29, 1912213
What are the prime factors of 173335530?
2, 3, 5, 47, 269, 457
List the prime factors of 6473926.
2, 3236963
What are the prime factors of 287537293?
287537293
What are the prime factors of 1968860?
2, 5, 98443
What are the prime factors of 1592737750?
2, 5, 6370951
List the prime factors of 4608828743.
37, 124562939
What are the prime factors of 776125867?
11, 4723, 14939
What are the prime factors of 697929691?
31, 22513861
What are the prime factors of 204052893?
3, 11, 6183421
List the prime factors of 230608997.
1613, 142969
What are the prime factors of 141192994?
2, 43, 277, 5927
What are the prime factors of 17853965?
5, 647, 5519
List the prime factors of 136838208.
2, 3, 13, 73, 751
What are the prime factors of 858386552?
2, 877, 122347
What are the prime factors of 254006245?
5, 50801249
What are the prime factors of 4583226921?
3, 7, 13, 823, 20399
What are the prime factors of 1526784851?
1526784851
What are the prime factors of 899869241?
19, 4987, 9497
What are the prime factors of 1612237757?
13, 47, 2638687
List the prime factors of 258621053.
547, 472799
What are the prime factors of 216572346?
2, 3, 4010599
List the prime factors of 4528396.
2, 61, 67, 277
List the prime factors of 316000163.
43, 419, 17539
What are the prime factors of 2635540689?
3, 179, 4907897
List the prime factors of 138356798.
2, 233, 367, 809
What are the prime factors of 2553093517?
13, 19, 631, 16381
List the prime factors of 48979753.
29, 1051, 1607
List the prime factors of 42897946.
2, 7, 13, 18131
What are the prime 